
{"id":608,"date":"2022-06-07T07:09:11","date_gmt":"2022-06-07T07:09:11","guid":{"rendered":"https:\/\/luatdoangia.vn\/?page_id=608"},"modified":"2022-06-16T04:46:06","modified_gmt":"2022-06-16T04:46:06","slug":"doi-tac-khach-hang","status":"publish","type":"page","link":"https:\/\/luatdoangia.vn\/index.php\/gioi-thieu\/doi-tac-khach-hang\/","title":{"rendered":"\u0110\u1ed1i t\u00e1c &#8211; kh\u00e1ch h\u00e0ng"},"content":{"rendered":"<div id='gallery-1' class='gallery galleryid-608 gallery-columns-5 gallery-size-full'><figure class='gallery-item'>\n\t\t\t<div class='gallery-icon landscape'>\n\t\t\t\t<a href='https:\/\/luatdoangia.vn\/index.php\/gioi-thieu\/doi-tac-khach-hang\/911-group\/#main'><img width=\"500\" height=\"500\" src=\"https:\/\/luatdoangia.vn\/wp-content\/uploads\/2022\/06\/911-group-.png\" class=\"attachment-full size-full\" alt=\"\" loading=\"lazy\" srcset=\"https:\/\/luatdoangia.vn\/wp-content\/uploads\/2022\/06\/911-group-.png 500w, https:\/\/luatdoangia.vn\/wp-content\/uploads\/2022\/06\/911-group--300x300.png 300w, https:\/\/luatdoangia.vn\/wp-content\/uploads\/2022\/06\/911-group--150x150.png 150w\" sizes=\"(max-width: 500px) 100vw, 500px\" \/><\/a>\n\t\t\t<\/div><\/figure><figure class='gallery-item'>\n\t\t\t<div class='gallery-icon landscape'>\n\t\t\t\t<a href='https:\/\/luatdoangia.vn\/index.php\/gioi-thieu\/doi-tac-khach-hang\/bao-bi-kien-thuy\/#main'><img width=\"297\" height=\"71\" src=\"https:\/\/luatdoangia.vn\/wp-content\/uploads\/2022\/06\/Bao-bi-Kien-Thuy.png\" class=\"attachment-full size-full\" alt=\"\" loading=\"lazy\" \/><\/a>\n\t\t\t<\/div><\/figure><figure class='gallery-item'>\n\t\t\t<div class='gallery-icon landscape'>\n\t\t\t\t<a href='https:\/\/luatdoangia.vn\/index.php\/gioi-thieu\/doi-tac-khach-hang\/invet\/#main'><img width=\"500\" height=\"499\" src=\"https:\/\/luatdoangia.vn\/wp-content\/uploads\/2022\/06\/INVET.png\" class=\"attachment-full size-full\" alt=\"\" loading=\"lazy\" srcset=\"https:\/\/luatdoangia.vn\/wp-content\/uploads\/2022\/06\/INVET.png 500w, https:\/\/luatdoangia.vn\/wp-content\/uploads\/2022\/06\/INVET-300x300.png 300w, https:\/\/luatdoangia.vn\/wp-content\/uploads\/2022\/06\/INVET-150x150.png 150w\" sizes=\"(max-width: 500px) 100vw, 500px\" \/><\/a>\n\t\t\t<\/div><\/figure><figure class='gallery-item'>\n\t\t\t<div class='gallery-icon landscape'>\n\t\t\t\t<a href='https:\/\/luatdoangia.vn\/index.php\/gioi-thieu\/doi-tac-khach-hang\/newsing\/#main'><img width=\"613\" height=\"407\" src=\"https:\/\/luatdoangia.vn\/wp-content\/uploads\/2022\/06\/Newsing.png\" class=\"attachment-full size-full\" alt=\"\" loading=\"lazy\" srcset=\"https:\/\/luatdoangia.vn\/wp-content\/uploads\/2022\/06\/Newsing.png 613w, https:\/\/luatdoangia.vn\/wp-content\/uploads\/2022\/06\/Newsing-300x199.png 300w\" sizes=\"(max-width: 613px) 100vw, 613px\" \/><\/a>\n\t\t\t<\/div><\/figure><figure class='gallery-item'>\n\t\t\t<div class='gallery-icon landscape'>\n\t\t\t\t<a href='https:\/\/luatdoangia.vn\/index.php\/gioi-thieu\/doi-tac-khach-hang\/pcc\/#main'><img width=\"331\" height=\"152\" src=\"https:\/\/luatdoangia.vn\/wp-content\/uploads\/2022\/06\/PCC.png\" class=\"attachment-full size-full\" alt=\"\" loading=\"lazy\" srcset=\"https:\/\/luatdoangia.vn\/wp-content\/uploads\/2022\/06\/PCC.png 331w, https:\/\/luatdoangia.vn\/wp-content\/uploads\/2022\/06\/PCC-300x138.png 300w\" sizes=\"(max-width: 331px) 100vw, 331px\" \/><\/a>\n\t\t\t<\/div><\/figure>\n\t\t<\/div>\n\n","protected":false},"excerpt":{"rendered":"","protected":false},"author":1,"featured_media":0,"parent":37,"menu_order":0,"comment_status":"closed","ping_status":"closed","template":"page-blank-title-center.php","meta":[],"yoast_head":"<!-- This site is optimized with the Yoast SEO plugin v17.8 - https:\/\/yoast.com\/wordpress\/plugins\/seo\/ -->\n<title>\u0110\u1ed1i t\u00e1c - kh\u00e1ch h\u00e0ng &ndash; Lu\u1eadt \u0110o\u00e0n Gia<\/title>\n<meta name=\"robots\" content=\"index, follow, max-snippet:-1, max-image-preview:large, max-video-preview:-1\" \/>\n<link rel=\"canonical\" href=\"https:\/\/luatdoangia.vn\/index.php\/gioi-thieu\/doi-tac-khach-hang\/\" \/>\n<meta property=\"og:locale\" content=\"vi_VN\" \/>\n<meta property=\"og:type\" content=\"article\" \/>\n<meta property=\"og:title\" content=\"\u0110\u1ed1i t\u00e1c - kh\u00e1ch h\u00e0ng &ndash; Lu\u1eadt \u0110o\u00e0n Gia\" \/>\n<meta property=\"og:url\" content=\"https:\/\/luatdoangia.vn\/index.php\/gioi-thieu\/doi-tac-khach-hang\/\" \/>\n<meta property=\"og:site_name\" content=\"Lu\u1eadt \u0110o\u00e0n Gia\" \/>\n<meta property=\"article:modified_time\" content=\"2022-06-16T04:46:06+00:00\" \/>\n<meta property=\"og:image\" content=\"https:\/\/luatdoangia.vn\/wp-content\/uploads\/2022\/06\/911-group-.png\" \/>\n<meta name=\"twitter:card\" content=\"summary_large_image\" \/>\n<meta name=\"twitter:label1\" content=\"\u01af\u1edbc t\u00ednh th\u1eddi gian \u0111\u1ecdc\" \/>\n\t<meta name=\"twitter:data1\" content=\"1 ph\u00fat\" \/>\n<script type=\"application\/ld+json\" class=\"yoast-schema-graph\">{\"@context\":\"https:\/\/schema.org\",\"@graph\":[{\"@type\":\"WebSite\",\"@id\":\"https:\/\/luatdoangia.vn\/#website\",\"url\":\"https:\/\/luatdoangia.vn\/\",\"name\":\"Lu\\u1eadt \\u0110o\\u00e0n Gia\",\"description\":\"\\u0110i\\u1ec3m s\\u00e1ng ph\\u00e1p lu\\u1eadt\",\"potentialAction\":[{\"@type\":\"SearchAction\",\"target\":{\"@type\":\"EntryPoint\",\"urlTemplate\":\"https:\/\/luatdoangia.vn\/?s={search_term_string}\"},\"query-input\":\"required name=search_term_string\"}],\"inLanguage\":\"vi\"},{\"@type\":\"WebPage\",\"@id\":\"https:\/\/luatdoangia.vn\/index.php\/gioi-thieu\/doi-tac-khach-hang\/#webpage\",\"url\":\"https:\/\/luatdoangia.vn\/index.php\/gioi-thieu\/doi-tac-khach-hang\/\",\"name\":\"\\u0110\\u1ed1i t\\u00e1c - kh\\u00e1ch h\\u00e0ng &ndash; Lu\\u1eadt \\u0110o\\u00e0n Gia\",\"isPartOf\":{\"@id\":\"https:\/\/luatdoangia.vn\/#website\"},\"datePublished\":\"2022-06-07T07:09:11+00:00\",\"dateModified\":\"2022-06-16T04:46:06+00:00\",\"breadcrumb\":{\"@id\":\"https:\/\/luatdoangia.vn\/index.php\/gioi-thieu\/doi-tac-khach-hang\/#breadcrumb\"},\"inLanguage\":\"vi\",\"potentialAction\":[{\"@type\":\"ReadAction\",\"target\":[\"https:\/\/luatdoangia.vn\/index.php\/gioi-thieu\/doi-tac-khach-hang\/\"]}]},{\"@type\":\"BreadcrumbList\",\"@id\":\"https:\/\/luatdoangia.vn\/index.php\/gioi-thieu\/doi-tac-khach-hang\/#breadcrumb\",\"itemListElement\":[{\"@type\":\"ListItem\",\"position\":1,\"name\":\"Gi\\u1edbi thi\\u1ec7u\",\"item\":\"https:\/\/luatdoangia.vn\/index.php\/gioi-thieu\/\"},{\"@type\":\"ListItem\",\"position\":2,\"name\":\"\\u0110\\u1ed1i t\\u00e1c &#8211; kh\\u00e1ch h\\u00e0ng\"}]}]}<\/script>\n<!-- \/ Yoast SEO plugin. -->","yoast_head_json":{"title":"\u0110\u1ed1i t\u00e1c - kh\u00e1ch h\u00e0ng &ndash; Lu\u1eadt \u0110o\u00e0n Gia","robots":{"index":"index","follow":"follow","max-snippet":"max-snippet:-1","max-image-preview":"max-image-preview:large","max-video-preview":"max-video-preview:-1"},"canonical":"https:\/\/luatdoangia.vn\/index.php\/gioi-thieu\/doi-tac-khach-hang\/","og_locale":"vi_VN","og_type":"article","og_title":"\u0110\u1ed1i t\u00e1c - kh\u00e1ch h\u00e0ng &ndash; Lu\u1eadt \u0110o\u00e0n Gia","og_url":"https:\/\/luatdoangia.vn\/index.php\/gioi-thieu\/doi-tac-khach-hang\/","og_site_name":"Lu\u1eadt \u0110o\u00e0n Gia","article_modified_time":"2022-06-16T04:46:06+00:00","og_image":[{"url":"https:\/\/luatdoangia.vn\/wp-content\/uploads\/2022\/06\/911-group-.png"}],"twitter_card":"summary_large_image","twitter_misc":{"\u01af\u1edbc t\u00ednh th\u1eddi gian \u0111\u1ecdc":"1 ph\u00fat"},"schema":{"@context":"https:\/\/schema.org","@graph":[{"@type":"WebSite","@id":"https:\/\/luatdoangia.vn\/#website","url":"https:\/\/luatdoangia.vn\/","name":"Lu\u1eadt \u0110o\u00e0n Gia","description":"\u0110i\u1ec3m s\u00e1ng ph\u00e1p lu\u1eadt","potentialAction":[{"@type":"SearchAction","target":{"@type":"EntryPoint","urlTemplate":"https:\/\/luatdoangia.vn\/?s={search_term_string}"},"query-input":"required name=search_term_string"}],"inLanguage":"vi"},{"@type":"WebPage","@id":"https:\/\/luatdoangia.vn\/index.php\/gioi-thieu\/doi-tac-khach-hang\/#webpage","url":"https:\/\/luatdoangia.vn\/index.php\/gioi-thieu\/doi-tac-khach-hang\/","name":"\u0110\u1ed1i t\u00e1c - kh\u00e1ch h\u00e0ng &ndash; Lu\u1eadt \u0110o\u00e0n Gia","isPartOf":{"@id":"https:\/\/luatdoangia.vn\/#website"},"datePublished":"2022-06-07T07:09:11+00:00","dateModified":"2022-06-16T04:46:06+00:00","breadcrumb":{"@id":"https:\/\/luatdoangia.vn\/index.php\/gioi-thieu\/doi-tac-khach-hang\/#breadcrumb"},"inLanguage":"vi","potentialAction":[{"@type":"ReadAction","target":["https:\/\/luatdoangia.vn\/index.php\/gioi-thieu\/doi-tac-khach-hang\/"]}]},{"@type":"BreadcrumbList","@id":"https:\/\/luatdoangia.vn\/index.php\/gioi-thieu\/doi-tac-khach-hang\/#breadcrumb","itemListElement":[{"@type":"ListItem","position":1,"name":"Gi\u1edbi thi\u1ec7u","item":"https:\/\/luatdoangia.vn\/index.php\/gioi-thieu\/"},{"@type":"ListItem","position":2,"name":"\u0110\u1ed1i t\u00e1c &#8211; kh\u00e1ch h\u00e0ng"}]}]}},"_links":{"self":[{"href":"https:\/\/luatdoangia.vn\/index.php\/wp-json\/wp\/v2\/pages\/608"}],"collection":[{"href":"https:\/\/luatdoangia.vn\/index.php\/wp-json\/wp\/v2\/pages"}],"about":[{"href":"https:\/\/luatdoangia.vn\/index.php\/wp-json\/wp\/v2\/types\/page"}],"author":[{"embeddable":true,"href":"https:\/\/luatdoangia.vn\/index.php\/wp-json\/wp\/v2\/users\/1"}],"replies":[{"embeddable":true,"href":"https:\/\/luatdoangia.vn\/index.php\/wp-json\/wp\/v2\/comments?post=608"}],"version-history":[{"count":6,"href":"https:\/\/luatdoangia.vn\/index.php\/wp-json\/wp\/v2\/pages\/608\/revisions"}],"predecessor-version":[{"id":970,"href":"https:\/\/luatdoangia.vn\/index.php\/wp-json\/wp\/v2\/pages\/608\/revisions\/970"}],"up":[{"embeddable":true,"href":"https:\/\/luatdoangia.vn\/index.php\/wp-json\/wp\/v2\/pages\/37"}],"wp:attachment":[{"href":"https:\/\/luatdoangia.vn\/index.php\/wp-json\/wp\/v2\/media?parent=608"}],"curies":[{"name":"wp","href":"https:\/\/api.w.org\/{rel}","templated":true}]}}